 remainder when 7276 is divided by 93.
22
What is the remainder when 5018429 is divided by 1227?
1226
Calculate the remainder when 46807 is divided by 1418.
13
What is the remainder when 430020 is divided by 49?
45
Calculate the remainder when 476319 is divided by 1040.
1039
Calculate the remainder when 5446 is divided by 146.
44
Calculate the remainder when 22509 is divided by 168.
165
What is the remainder when 9149386 is divided by 404?
402
Calculate the remainder when 7176 is divided by 1424.
56
What is the remainder when 58435 is divided by 14595?
55
What is the remainder when 60162 is divided by 356?
354
Calculate the remainder when 14973 is divided by 133.
77
Calculate the remainder when 111659 is divided by 1268.
75
What is the remainder when 3477 is divided by 926?
699
Calculate the remainder when 13661 is divided by 61.
58
Calculate the remainder when 27634 is divided by 329.
327
Calculate the remainder when 85097 is divided by 10634.
25
What is the remainder when 2489976 is divided by 413?
412
What is the remainder when 1193 is divided by 294?
17
Calculate the remainder when 11038 is divided by 42.
34
Calculate the remainder when 419562 is divided by 249.
246
What is the remainder when 52315 is divided by 116?
115
Calculate the remainder when 297772 is divided by 92.
60
What is the remainder when 1646 is divided by 531?
53
Calculate the remainder when 65771 is divided by 29.
28
Calculate the remainder when 10672 is divided by 355.
22
What is the remainder when 2658 is divided by 94?
26
Calculate the remainder when 3236 is divided by 73.
24
What is the remainder when 14286 is divided by 50?
36
What is the remainder when 24146 is divided by 220?
166
What is the remainder when 261946 is divided by 403?
399
What is the remainder when 4325 is divided by 187?
24
Calculate the remainder when 86067 is divided by 38.
35
Calculate the remainder when 17966 is divided by 202.
190
Calculate the remainder when 1297979 is divided by 36.
35
Calculate the remainder when 469 is divided by 49.
28
Calculate the remainder when 46084 is divided by 159.
133
What is the remainder when 18727 is divided by 9362?
3
Calculate the remainder when 7966 is divided by 663.
10
What is the remainder when 72096 is divided by 18014?
40
What is the remainder when 545092 is divided by 4008?
4
What is the remainder when 265763 is divided by 239?
234
Calculate the remainder when 6155 is divided by 279.
17
What is the remainder when 4613 is divided by 50?
13
What is the remainder when 378965 is divided by 594?
587
What is the remainder when 25764463 is divided by 15?
13
What is the remainder when 18441 is divided by 401?
396
Calculate the remainder when 42871 is divided by 4762.
13
Calculate the remainder when 924 is divided by 875.
49
What is the remainder when 13278 is divided by 781?
1
What is the remainder when 29826 is divided by 4897?
444
What is the remainder when 25343 is divided by 218?
55
Calculate the remainder when 10008 is divided by 421.
325
What is the remainder when 46534 is divided by 1557?
1381
Calculate the remainder when 113947 is divided by 430.
427
Calculate the remainder when 940403 is divided by 98.
93
Calculate the remainder when 22456 is divided by 5606.
32
Calculate the remainder when 726752 is divided by 2722.
2700
Calculate the remainder when 5175 is divided by 1725.
0
Calculate the remainder when 25343 is divided by 256.
255
Calculate the remainder when 123214 is divided by 61594.
26
What is the remainder when 753 is divided by 663?
90
What is the remainder when 25010 is divided by 37?
35
Calculate the remainder when 3785 is divided by 3701.
84
Calculate the remainder when 77466 is divided by 19365.
6
Calculate the remainder when 11592 is divided by 1445.
32
What is the remainder when 28174 is divided by 606?
298
Calculate the remainder when 33398 is divided by 11132.
2
What is the remainder when 315143 is divided by 4?
3
What is the remainder when 1311 is divided by 357?
240
What is the remainder when 66846 is divided by 168?
150
Calculate the remainder when 248 is divided by 59.
12
What is the remainder when 3380113 is divided by 19?
13
What is the remainder when 2645 is divided by 121?
104
Calculate the remainder when 6666 is divided by 977.
804
Calculate the remainder when 16242 is divided by 16177.
65
What is the remainder when 3327738 is divided by 423?
420
Calculate the remainder when 12472 is divided by 4147.
31
What is the remainder when 32486 is divided by 370?
296
Calculate the remainder when 12894 is divided by 212.
174
What is the remainder when 10208 is divided by 2194?
1432
What is the remainder when 64806 is divided by 160?
6
What is the remainder when 11701 is divided by 1033?
338
Calculate the remainder when 1170 is divided by 293.
291
What is the remainder when 17447 is divided by 288?
167
Calculate the remainder when 263555 is divided by 681.
8
Calculate the remainder when 40516 is divided by 113.
62
Calculate the remainder when 1069 is divided by 1003.
66
Calculate the remainder when 623 is divided by 376.
247
Calculate the remainder when 21201 is divided by 212.
1
Calculate the remainder when 3176 is divided by 632.
16
Calculate the remainder when 11088 is divided by 377.
155
Calculate the remainder when 15457 is divided by 81.
67
Calculate the remainder when 279380 is divided by 68.
36
Calculate the remainder when 118882 is divided by 295.
292
Calculate the remainder when 155474 is divided by 409.
54
What is the remainder when 7892 is divided by 397?
349
What is the remainder when 4108 is divided by 4101?
7
What is the remainder when 2260 is divided by 103?
97
What is the remainder when 638 is divided by 600?
38
What is the remainder when 125 is divided by 86?
39
Calculate the remainder when 165998 is divided by 400.
398
Calculate the remainder when 19136 is divided by 11.
7
Calculate the remainder when 15874 is divided by 1273.
598
What is the remainder when 228989 is divided by 38163?
11
Calculate the remainder when 669790 is divided by 37.
16
Calculate the remainder when 3890 is divided by 756.
110
What is the remainder when 20984 is divided by 1140?
464
What is the remainder when 16917 is divided by 90?
87
Calculate the remainder when 3670 is divided by 39.
4
What is the remainder when 214899 is divided by 70?
69
Calculate the remainder when 27467 is divided by 331.
325
What is the remainder when 80347 is divided by 4723?
56
What is the remainder when 14904 is divided by 414?
0
What is the remainder when 71 is divided by 40?
31
Calculate the remainder when 149643 is divided by 21.
18
Calculate the remainder when 7358 is divided by 510.
218
Calculate the remainder when 76098 is divided by 42.
36
Calculate the remainder when 202917 is divided by 142.
141
Calculate the remainder when 5715 is divided by 632.
27
Calculate the remainder when 1053 is divided by 44.
41
What is the remainder when 2104 is divided by 106?
90
Calculate the remainder when 1004157 is divided by 334715.
12
What is the remainder when 2442 is divided by 1953?
489
What is the remainder when 61978 is divided by 61960?
18
What is the remainder when 494586 is divided by 73?
11
Calculate the remainder when 42474 is divided by 128.
106
Calculate the remainder when 11775 is divided by 92.
91
What is the remainder when 6656 is divided by 353?
302
What is the remainder when 8009 is divided by 2613?
170
Calculate the remainder when 291589 is divided by 254.
251
Calculate the remainder when 3067 is divided by 519.
472
What is the remainder when 5277 is divided by 187?
41
What is the remainder when 212193 is divided by 1396?
1
What is the remainder when 34819 is divided by 6961?
14
What is the remainder when 3433 is divided by 261?
40
What is the remainder when 3326 is divided by 864?
734
What is the remainder when 37165 is divided by 3370?
95
Calculate the remainder when 15170 is divided by 3789.
14
What is the remainder when 360253 is divided by 85?
23
Calculate the remainder when 179062 is divided by 304.
6
What is the remainder when 4016 is divided by 16?
0
Calculate the remainder when 32507 is divided by 113.
76
Calculate the remainder when 2924 is divided by 278.
144
Calculate the remainder when 5762 is divided by 34.
16
What is the remainder when 4769